3. Calculate u(9).
3
Let q(f) = -f**2 - 12*f - 18. Give q(-10).
2
Let s(i) = i**3 + 25*i**2 + 21*i - 70. Calculate s(-24).
2
Let i(c) = -c + 6. Calculate i(10).
-4
Let p(u) = -8*u**3 + 120*u**2 + 2*u - 30. Give p(15).
0
Let k(c) = -2*c**2 + 11*c - 4. What is k(6)?
-10
Let h(z) = -63*z**2 - 3*z - 3. What is h(-1)?
-63
Let i(f) = f**3 - 6*f**2 - 11*f - 3. Give i(8).
37
Let i(n) = -n**3 + 13*n**2 - 22*n + 7. Give i(11).
7
Let r(l) = 16*l - 25. Give r(4).
39
Let q(l) = -l**2 + 18*l + 9. Determine q(16).
41
Let q(l) = 7*l - 96. What is q(14)?
2
Let t(p) = -5*p - 10. Give t(-1).
-5
Let n(u) = -u**3 + 13*u**2 + 18*u - 1. Determine n(14).
55
Let v(u) = -24*u**2 + u + 3. Give v(2).
-91
Let f(i) = i**2 - 10*i + 9. Determine f(6).
-15
Let y(b) = 4*b**3 - b**2 + 3*b - 1. Calculate y(2).
33
Let o(y) = -53*y + 163. Give o(3).
4
Let l(c) = 10*c - 46. Calculate l(6).
14
Let z(r) = r**3 + 23*r**2 - 79*r + 10. Give z(-26).
36
Let o(x) = x**3 + 11*x**2 + 13*x - 5. Give o(-9).
40
Let p(d) = -5*d**2 + d + 30. Calculate p(0).
30
Let c(j) = 7*j - 2. Calculate c(2).
12
Let p(t) = -t**2 - 9*t - 2. What is p(-6)?
16
Let i(j) = -9*j + 9. Determine i(0).
9
Let k(g) = -g**2 - 35*g - 59. Give k(-33).
7
Let x(c) = 3*c**2 - 56*c - 13. Calculate x(19).
6
Let w(y) = y**2 - 153*y - 627. Determine w(-4).
1
Let k(y) = -y**2 + 35*y - 113. What is k(31)?
11
Let b(o) = -4*o**2 - 11*o - 9. Calculate b(-4).
-29
Let r(l) = l**3 + 4*l**2 - 3*l - 11. Calculate r(-4).
1
Let n(s) = -2*s**2 + 5*s + 69. Give n(-7).
-64
Let k(f) = -f**3 + 17*f**2 + 4*f - 23. What is k(17)?
45
Let g(m) = m**2 + 5*m. What is g(-4)?
-4
Let z(m) = -2*m + 1. Calculate z(3).
-5
Let v(i) = 2*i**2 - 4*i + 2. Determine v(4).
18
Let g(k) = -13*k**3 + k. Determine g(1).
-12
Let p(l) = -9*l - 123. What is p(-13)?
-6
Let a(u) = -u**2 - 5*u. Calculate a(-2).
6
Let u(p) = p - 10. What is u(5)?
-5
Let u(w) = 6*w + 4. Determine u(5).
34
Let o(h) = -h**2 + 9*h + 282. Give o(-13).
-4
Let q(d) = d**2 - 5*d - 31. What is q(8)?
-7
Let f(k) = k**3 - 2*k**2 + 4*k + 1. Give f(4).
49
Let s(q) = q**2 - 20*q - 73. What is s(22)?
-29
Let r(f) = -2*f**2 + 2*f + 3. Calculate r(2).
-1
Let j(n) = n**3 - 15*n**2 - 13*n + 13. Determine j(16).
61
Let n(f) = -f**3 - 6*f**2 + 6*f - 8. What is n(-7)?
-1
Let l(u) = -9*u + 20. Give l(2).
2
Let g(u) = -u - 6. Give g(8).
-14
Let a(y) = -y + 17. Give a(-4).
21
Let l(k) = -k**3 + 3*k**2 - 1. What is l(-2)?
19
Let k(r) = -68*r - 3. Determine k(-3).
201
Let c(y) = -y**2 - 2*y - 6. What is c(6)?
-54
Let z(t) = -9*t - 34. Determine z(-4).
2
Let k(d) = -d**2 + 9*d + 9. Determine k(9).
9
Let i(k) = k**3 + 20*k**2 - 17*k + 87. Give i(-21).
3
Let i(n) = n**2 - 17*n + 43. Give i(15).
13
Let g(w) = -w**2 + 9*w + 8. Calculate g(11).
-14
Let a(t) = -2*t**2 - 38*t - 27. Give a(-18).
9
Let s(p) = -2*p - 35. What is s(-2)?
-31
Let f(i) = i + 4. Calculate f(-27).
-23
Let f(y) = y**3 - 4*y**2 - 6*y - 8. Calculate f(5).
-13
Let q(l) = 36*l + 719. Determine q(-20).
-1
Let x(b) = -b**2 + 10*b - 10. Calculate x(9).
-1
Let f(k) = -k**3 - 8*k**2 - 11*k - 11. What is f(-7)?
17
Let r(j) = j**2 - j. What is r(3)?
6
Let r(k) = -k**2 - k + 8. Determine r(-6).
-22
Let b(p) = 14*p + 463. What is b(-33)?
1
Let p(g) = g - 10. Determine p(6).
-4
Let k(d) = -d**3 - 4*d**2 + 9*d - 89. Give k(-7).
-5
Let v(n) = -2*n**2 - 174*n - 334. What is v(-85)?
6
Let b(y) = 12*y**2 - 36*y - 4. What is b(3)?
-4
Let h(p) = p**2 + 5*p - 34. Calculate h(4).
2
Let l(u) = -21*u**3 - 250*u**2 + 26*u + 22. Give l(-12).
-2
Let j(c) = -c**2 + 14*c - 52. Give j(8).
-4
Let t(y) = y**3 + y**2 + 2*y + 17. Give t(0).
17
Let t(c) = -6*c**2 + 83*c + 1. Give t(14).
-13
Let n(a) = 7*a + 25. What is n(-6)?
-17
Let w(y) = -2*y. Give w(2).
-4
Let t(n) = n**3 + 8*n**2 + n + 3. Calculate t(-8).
-5
Let a(p) = -10*p**3 - p**2 + p + 1. Determine a(-1).
9
Let t(f) = 3*f**3 + 2*f**2 - f + 1. Calculate t(-2).
-13
Let x(b) = b + 2. Determine x(5).
7
Let b(l) = l**3 + 8*l**2 + 9*l - 27. Give b(-6).
-9
Let n(g) = -g**3 + 2*g**2 - g + 1. What is n(1)?
1
Let m(r) = -12*r + 9. Give m(4).
-39
Let c(h) = h - 2. Calculate c(3).
1
Let n(j) = j**3 + 4*j**2 + j - 4. What is n(-4)?
-8
Let j(a) = 4*a**2 + 4*a - 13. Determine j(6).
155
Let m(z) = -z**3 + 5*z**2 + z + 4. Determine m(4).
24
Let w(r) = -r**3 - 5*r**2 + 3*r - 10. Calculate w(-6).
8
Let o(d) = d**2 - 41*d + 232. What is o(34)?
-6
Let j(d) = 3*d**2 - d + 6. Calculate j(4).
50
Let o(j) = -j**3 + 5*j**2 - 6*j + 12. Give o(4).
4
Let y(r) = -16*r - 6. Give y(5).
-86
Let b(f) = -f - 25. Determine b(-22).
-3
Let k(o) = -o**3 - 2*o**2 + 3*o - 4. Give k(-4).
16
Let p(i) = i**2 + 16*i - 56. Calculate p(-17).
-39
Let o(h) = h**2 - 23*h - 102. Determine o(-4).
6
Let o(w) = -19*w - 147. Determine o(-8).
5
Let x(w) = w**3 - 10*w**2 + w + 5. Determine x(7).
-135
Let p(w) = w - 17. What is p(8)?
-9
Let h(a) = -10*a - 172. Calculate h(-17).
-2
Let r(b) = -5*b - 29. Give r(-6).
1
Let q(d) = -d**2 + 6*d + 1. Calculate q(6).
1
Let z(o) = o + 50. Calculate z(-39).
11
Let s(u) = -u**2 - 4*u - 2. Give s(-7).
-23
Let w(u) = 10*u - 91. Calculate w(12).
29
Let g(r) = -4*r - 28. Calculate g(-7).
0
Let b(y) = -13*y - 19. Calculate b(13).
-188
Let r(a) = -a**2 - 8*a - 3. What is r(-4)?
13
Let s(o) = 3*o**2 + 3*o + 2. Calculate s(-2).
8
Let n(p) = p**3 - 5*p**2 + 3*p. Give n(3).
-9
Let d(w) = -2*w**2 - 27*w + 10. Give d(-7).
101
Let s(t) = 21*t - 4. Determine s(-2).
-46
Let b(m) = 8*m - 3. Calculate b(2).
13
Let g(m) = -m**2 + 27*m - 28. What is g(25)?
22
Let p(t) = -5*t + 88. Give p(16).
8
Let k(z) = z**2 - 8*z - 10. Give k(8).
-10
Let q(w) = 2*w. Give q(4).
8
Let j(f) = -2*f + 19. Calculate j(13).
-7
Let m(v) = -v**2 - 6*v + 11. Determine m(0).
11
Let p(u) = u**2 + 6*u + 5. Calculate p(-5).
0
Let x(l) = 10*l - 15. What is x(5)?
35
Let c(q) = q**3 - 16*q**2 - 18*q + 17. Determine c(17).
0
Let t(c) = -30*c - 120. Determine t(-5).
30
Let a(y) = y - 5. Determine a(6).
1
Let w(v) = -v**2 + v + 205. What is w(15)?
-5
Let g(d) = d**3 + 7*d**2 - d + 1. Give g(-6).
43
Let z(j) = -j**2 + 6*j + 5. Determine z(7).
-2
Let b(y) = 22*y - 2. What is b(0)?
-2
Let l(g) = 2*g**3 - g**2 + 7*g - 1. Give l(3).
65
Let r(j) = 4*j**2. What is r(-4)?
64
Let u(z) = z**3 - 4*z**2 - 5*z - 1. Determine u(5).
-1
Let r(q) = q**2 + 5*q - 43. Determine r(5).
7
Let l(g) = 9*g + 119. Determine l(-13).
2
Let y(b) = -5*b + 23. Calculate y(5).
-2
Let m(r) = r**2 - 9*r + 11. Calculate m(8).
3
Let r(n) = n**3 + 18*n**2 + 19*n + 42. What is r(-17)?
8
Let v(o) = o**2 + 38*o - 45. What is v(-39)?
-6
Let g(v) = v**3 + 3*v**2 - v + 11. Give g(-4).
-1
Let d(q) = q - 1. Give d(-14).
-15
Let a(j) = -j**3 + 10*j**2 + 2*j + 71. Determine a(11).
-28
Let r(n) = -13*n - 37. Determine r(-3).
2
Let o(y) = -y**3 + 4*y**2 + 12*y - 30. Give o(5).
5
Let d(y) = y**2 - 13*y - 16. What is d(14)?
-2
Let n(d) = -d**2 + 12*d - 8. Determine n(12).
-8
Let c(l) = 7*l + 5. Determine c(-1).
-2
Let q(x) = 2*x**2 - 6*x. Determine q(2).
-4
Let q(i) = i**2 - 3*i + 13. Determine q(5).
23
Let v(i) = -i**3 - 6*i**2 + i - 2. Determine v(-3).
-32
Let d(t) = -31*t - 328. What is d(-11)?
13
Let t(d) = -d**3 + 4*d**2 + 9*d - 8. Determine t(7).
-92
Let w(m) = 47*m + 510. Calculate w(-11).
-7
Let p(f) = f**2 + 2*f - 10. Calculate p(0).
-10
Let q(h) = -h**3 - h**2 - 14. Calculate q(0).
-14
Let d(r) = -14*r + 4. Give d(-6).
88
Let k(p) = -p**3 - 4*p**2 + 2*p - 17. Give k(-6).
43
Let a(j) = 67*j - 671. Calculate a(10).
-1
Let d(m) = m**3 + 2*m**2 - 3*m. Determine d(-3).
0
Let s(b) = 7*b + 18. Calculate s(-5).
-17
Let l(t) = t - 2. Determine l(-5).
-7
Let i(l) = -l**3 + 11*l**2 - 19*l + 14. What is i(9)?
5
Let z(q) = -235*q - 708. Give z(-3).
-3
Let d(p) = p**2 - 10*p + 17. What is d(10)?
17
Let d(m) = m**3 + 3*m**2 - 4*m. Determine d(-3).
12
Let o(x) = 3*x + 15. Give o(-9).
-12
Let x(a) = -a**2 - 4*a. What is x(-7)?
-21
Let w(f) = f**2 + 12*f + 7. What is w(-12)?
7
Let r(m) = m**2 + m - 4. What is r(-8)?
52
Let j(a) = -2*a**3 - a**2. Determine j(1).
-3
Let b(g) = -2*g**3 - 8*g**2 - 3. Determine b(-4).
-3
Let p(o) = o**2 - 4*o - 6. Calculate p(5).
-1
Let d(p) = p**2 + 21*p - 28. What is d(-22)?
-6
Let b(x) = -x**2 + 13*x + 13. Determine b(14).
-1
Let s(h) = h**2 - 3. Calculate s(-2).
1
Let x(j) = 2*j**3 + 3*j**2 + 2*j + 1. Give x(-2).
-7
Let 